ivide 570?
True
Is 5 a factor of 505?
True
Is 3432 a multiple of 52?
True
Is 6127 a multiple of 7?
False
Does 63 divide 18585?
True
Does 9 divide 5047?
False
Does 19 divide 1651?
False
Does 32 divide 448?
True
Does 4 divide 2974?
False
Is 496 a multiple of 29?
False
Is 11 a factor of 1044?
False
Does 22 divide 45297?
False
Is 2193 a multiple of 50?
False
Is 9870 a multiple of 51?
False
Is 3145 a multiple of 37?
True
Is 12 a factor of 576?
True
Is 895 a multiple of 204?
False
Is 25 a factor of 2938?
False
Does 78 divide 6887?
False
Is 2719 a multiple of 17?
False
Is 118 a factor of 13247?
False
Is 8 a factor of 92398?
False
Is 3318 a multiple of 62?
False
Is 21 a factor of 10127?
False
Is 2 a factor of 1757?
False
Is 41 a factor of 2460?
True
Is 11 a factor of 867?
False
Is 91 a factor of 54509?
True
Is 16 a factor of 195?
False
Is 20 a factor of 2020?
True
Does 284 divide 852?
True
Is 3293 a multiple of 18?
False
Does 72 divide 1653?
False
Is 86 a factor of 688?
True
Does 36 divide 62222?
False
Is 76411 a multiple of 22?
False
Is 19 a factor of 285?
True
Is 1547 a multiple of 91?
True
Does 19 divide 50?
False
Does 75 divide 917?
False
Is 4919 a multiple of 30?
False
Is 32 even?
True
Is 266 a multiple of 27?
False
Is 3799 a multiple of 131?
True
Is 22 a factor of 88?
True
Is 93309 a multiple of 19?
True
Is 181 a factor of 13032?
True
Is 9 a factor of 55?
False
Is 20000 a multiple of 16?
True
Does 52 divide 1164?
False
Does 87 divide 7631?
False
Does 16 divide 27504?
True
Does 6 divide 288?
True
Is 19 a factor of 133?
True
Is 2015 a multiple of 13?
True
Is 15 a factor of 47283?
False
Is 720 a multiple of 36?
True
Is 6 a factor of 5540?
False
Does 11 divide 418?
True
Is 76 a factor of 102060?
False
Is 18450 a multiple of 116?
False
Is 14 a factor of 117?
False
Is 437 a multiple of 19?
True
Is 1881 a multiple of 19?
True
Is 828 a multiple of 16?
False
Is 3185 a multiple of 41?
False
Does 12 divide 6948?
True
Is 21 a factor of 8547?
True
Does 10 divide 280?
True
Does 186 divide 4422?
False
Is 18 a factor of 14274?
True
Is 31 a factor of 3007?
True
Is 595 a multiple of 17?
True
Is 800 a multiple of 32?
True
Is 3502 a multiple of 10?
False
Does 64 divide 5760?
True
Does 8 divide 775?
False
Is 80 a factor of 4469?
False
Does 15 divide 30140?
False
Does 3 divide 28?
False
Is 3456 a multiple of 24?
True
Does 186 divide 12834?
True
Does 7 divide 67?
False
Does 31 divide 7254?
True
Is 8 a factor of 64?
True
Is 14 a factor of 2316?
False
Is 5332 a multiple of 62?
True
Is 4840 a multiple of 55?
True
Does 48 divide 89856?
True
Is 72 a multiple of 24?
True
Does 16 divide 1966?
False
Is 1484 a multiple of 21?
False
Does 27 divide 6486?
False
Is 7 a factor of 13691?
False
Is 1050 a multiple of 21?
True
Is 14 a factor of 20153?
False
Is 55 a factor of 16740?
False
Is 44 a multiple of 2?
True
Is 2304 a multiple of 128?
True
Does 4 divide 796?
True
Is 6486 a multiple of 23?
True
Is 50 a factor of 10750?
True
Does 24 divide 15609?
False
Is 15412 a multiple of 19?
False
Is 15 a factor of 2505?
True
Is 74 a factor of 1036?
True
Does 23 divide 1955?
True
Is 14 a factor of 3530?
False
Is 1263 a multiple of 8?
False
Does 2 divide 156?
True
Does 3 divide 550?
False
Is 76536 a multiple of 375?
False
Is 21522 a multiple of 102?
True
Does 29 divide 667?
True
Does 128 divide 20851?
False
Is 44 a factor of 28248?
True
Is 46 a factor of 938?
False
Is 1176 a multiple of 24?
True
Does 16 divide 22152?
False
Is 45 a factor of 1511?
False
Is 3883 a multiple of 433?
False
Is 22038 a multiple of 6?
True
Is 17 a factor of 16984?
False
Is 7425 a multiple of 27?
True
Is 728 a multiple of 7?
True
Is 75 a factor of 900?
True
Does 163 divide 100734?
True
Is 5 a factor of 278?
False
Is 96 a factor of 384?
True
Is 48801 a multiple of 291?
False
Is 910 a multiple of 26?
True
Does 81 divide 145071?
True
Is 54 a factor of 7864?
False
Is 5 a factor of 265?
True
Is 15 a factor of 58890?
True
Is 117722 a multiple of 11?
True
Does 10 divide 80?
True
Does 58 divide 358?
False
Does 69 divide 15017?
False
Is 2 a factor of 181?
False
Does 114 divide 54240?
False
Is 4 a factor of 179?
False
Does 56 divide 392?
True
Is 810 a multiple of 54?
True
Does 11 divide 542?
False
Is 227 a factor of 4313?
True
Does 19 divide 3638?
False
Does 27 divide 1120?
False
Is 1725 a multiple of 115?
True
Is 125 a multiple of 15?
False
Is 430 a factor of 17352?
False
Is 1989 a multiple of 117?
True
Is 2090 a multiple of 11?
True
Is 22 a factor of 530?
False
Is 6 a factor of 1170?
True
Does 13 divide 204230?
True
Does 18 divide 777?
False
Is 840 a multiple of 7?
True
Does 70 divide 1400?
True
Is 37 a factor of 15540?
True
Is 9 a factor of 459?
True
Does 8 divide 9656?
True
Is 107832 a multiple of 12?
True
Does 24 divide 480?
True
Does 19 divide 1337?
False
Is 8 a factor of 1010?
False
Is 57 a factor of 10146?
True
Is 4 a factor of 1448?
True
Is 96 a multiple of 12?
True
Does 17 divide 415?
False
Is 298 a multiple of 16?
False
Does 4 divide 112?
True
Does 46 divide 450?
False
Is 28 a factor of 23862?
False
Is 15 a factor of 16335?
True
Does 20 divide 4009?
False
Does 99 divide 51053?
False
Is 44 a factor of 6751?
False
Does 197 divide 35522?
False
Does 162 divide 126179?
False
Does 36 divide 540?
True
Does 78 divide 13650?
True
Is 1272 a multiple of 53?
True
Does 4 divide 277?
False
Is 7860 a multiple of 6?
True
Does 5 divide 3265?
True
Is 1120 a multiple of 20?
True
Is 3 a factor of 58?
False
Does 91 divide 4627?
False
Is 4683 a multiple of 21?
True
Is 84 a factor of 2219?
False
Is 44 a multiple of 11?
True
Is 8659 a multiple of 68?
False
Is 58 a factor of 2341?
False
Is 13 a factor of 33826?
True
Is 348 a multiple of 15?
False
Is 52204 a multiple of 62?
True
Is 1080 a multiple of 20?
True
Is 15 a factor of 2295?
True
Is 8592 a multiple of 8?
True
Is 186 a factor of 7742?
False
Is 2411 a multiple of 52?
False
Is 1340 a multiple of 49?
False
Does 17 divide 68?
True
Does 8 divide 120?
True
Is 267 a multiple of 38?
False
Does 33 divide 1079?
False
Is 14 a factor of 700?
True
Is 4 a factor of 9574?
False
Is 161 even?
False
Is 14545 a multiple of 13?
False
Is 2 a factor of 2232?
True
Is 4 a factor of 1124?
True
Is 6290 a multiple of 17?
True
Does 134 divide 15926?
False
Is 3 a factor of 104?
False
Does 60 divide 300?
True
Is 22 a factor of 686?
False
Does 10 divide 300?
True
Is 2418 a multiple of 40?
False
Is 1288 a multiple of 23?
True
Is 74 a factor of 296?
True
Is 15 a factor of 127?
False
Is 38 a factor of 20949?
False
Is 14 a factor of 10196?
False
Is 2825 a multiple of 94?
False
Is 63 a factor of 32224?
False
Is 11776 a multiple of 32?
True
Does 16 divide 14423?
False
Is 287 a multiple of 6?
False
Does 13 divide 24986?
True
Does 7 divide 427?
True
Is 2067 a multiple of 2?
False
Does 189 divide 17388?
True
Is 19001 a multiple of 15?
False
Does 39 divide 8433?
False
Is 2247 a multiple of 11?
False
Is 50 a factor of 39600?
True
Is 366 a multiple of 27?
False
Is 8 a factor of 13426?
False
Is 10582 a multiple of 22?
True
Does 14 divide 910?
True
Does 38 divide 14674?
False
Is 17 a factor of 12104?
True
Is 27068 a multiple of 11?
False
Does 35 divide 1470?
True
Is 44321 a multiple of 47?
True
Is 25 a factor of 500?
True
Is 656 a multiple of 43?
False
Is 187 a multiple of 187?
True
Does 13 divide 5096?
True
Is 14875 a multiple of 175?
True
Is 11 a factor of 2533?
False
Is 22 a multiple of 7?
False
Does 56 divide 1254?
False
Is 16 a factor of 3008?
True
Is 46764 a multiple of 36?
True
Is 4099 a multiple of 8?
False
Is 356 a multiple of 4?
True
Is 7067 a multiple of 17?
False
Does 23 divide 1765?
False
Does 35 divide 856?
False
Does 11 divide 1477?
False
Is 693 a multiple of 20?
False
Is 81 a factor of 1014?
False
Is 2600 a multiple of 52?
True
Is 16845 a multiple of 15?
True
Is 224 a factor of 4317?
False
Is 525 a multiple of 27?
False
Does 8 divide 21315?
False
Is 126 a factor of 26082?
True
Is 6264 a multiple of 27?
True
Is 948 a multiple of 12?
True
Is 19285 a multiple of 4?
False
Does 25 divide 7350?
True
Is 209 a multiple of 11?
True
Is 30716 a multiple of 115?
False
Is 37 a factor of 3006?
False
Is 18 a factor of 702?
True
Does 21 divide 5271?
True
Is 12 a factor of 1037?
False
Is 612 a multiple of 34?
True
Is 67 a facto